{"id":1143,"date":"2012-03-08T01:11:51","date_gmt":"2012-03-08T01:11:51","guid":{"rendered":"http:\/\/www.obstweb.com\/?page_id=1143"},"modified":"2016-04-06T13:02:42","modified_gmt":"2016-04-06T13:02:42","slug":"homepage-2","status":"publish","type":"page","link":"https:\/\/www.obstweb.com\/","title":{"rendered":"HOMEPAGE"},"content":{"rendered":"<h2>Herzlich willkommen beim Obstweb<\/h2>\n<p>Obstweb ist ein Projekt zur Optimierung der Behandlungen gegen Apfelschorf, Feuerbrand, Regenflecken-Krankheit und Apfelwickler.<br \/>\nObstweb zeigt ihnen zu jedem Zeitpunkt den Krankheitsverlauf und die Sch\u00e4dlingsentwicklung anhand des Prognosemodells RIMpro. Im Gegensatz zu anderen Prognosemodellen bietet Ihnen Obstweb auch eine Vorschau auf die n\u00e4chsten 4 Tage und erleichtert Ihnen damit die Planung ihrer Pflanzenschutzarbeiten wesentlich. RIMpro wurde seit 20 Jahren st\u00e4ndig weiterentwickelt und in vielen L\u00e4ndern Europas auf seine Ergebnisse validiert.<br \/>\nZus\u00e4tzlich zu den Daten des Prognosemodells geben wir Ihnen eine stets aktuelle Empfehlung ab, die sich an den modernsten Stand der Forschung in Europa und weltweit orientiert.<br \/>\nWir verarbeiten Wetterdaten von Wetterstationen, welche bei Obstbauern stehen und k\u00f6nnen somit keine Verantwortung f\u00fcr die Richtigkeit der Wetterdaten \u00fcbernehmen. Ebenso k\u00f6nnen wir keine Verantwortung f\u00fcr Ihre Spritzarbeiten \u00fcbernehmen.<\/p>\n<p><em>Karl Schloffer<\/em><\/p>\n","protected":false},"excerpt":{"rendered":"<p>Herzlich willkommen beim Obstweb Obstweb ist ein Projekt zur Optimierung der Behandlungen gegen Apfelschorf, Feuerbrand, Regenflecken-Krankheit und Apfelwickler. Obstweb zeigt ihnen zu jedem Zeitpunkt den Krankheitsverlauf und die Sch\u00e4dlingsentwicklung anhand des Prognosemodells RIMpro. Im Gegensatz zu anderen Prognosemodellen bietet Ihnen Obstweb auch eine Vorschau auf die &hellip; <\/p>\n<p><a href=\"https:\/\/www.obstweb.com\/\" class=\"more-link\"><span class=\"morelink-icon\">Weiterlesen<\/span><\/a><\/p>\n","protected":false},"author":8,"featured_media":0,"parent":0,"menu_order":0,"comment_status":"closed","ping_status":"closed","template":"","meta":{"footnotes":""},"class_list":["post-1143","page","type-page","status-publish","hentry"],"_links":{"self":[{"href":"https:\/\/www.obstweb.com\/index.php?rest_route=\/wp\/v2\/pages\/1143","targetHints":{"allow":["GET"]}}],"collection":[{"href":"https:\/\/www.obstweb.com\/index.php?rest_route=\/wp\/v2\/pages"}],"about":[{"href":"https:\/\/www.obstweb.com\/index.php?rest_route=\/wp\/v2\/types\/page"}],"author":[{"embeddable":true,"href":"https:\/\/www.obstweb.com\/index.php?rest_route=\/wp\/v2\/users\/8"}],"replies":[{"embeddable":true,"href":"https:\/\/www.obstweb.com\/index.php?rest_route=%2Fwp%2Fv2%2Fcomments&post=1143"}],"version-history":[{"count":14,"href":"https:\/\/www.obstweb.com\/index.php?rest_route=\/wp\/v2\/pages\/1143\/revisions"}],"predecessor-version":[{"id":1201,"href":"https:\/\/www.obstweb.com\/index.php?rest_route=\/wp\/v2\/pages\/1143\/revisions\/1201"}],"wp:attachment":[{"href":"https:\/\/www.obstweb.com\/index.php?rest_route=%2Fwp%2Fv2%2Fmedia&parent=1143"}],"curies":[{"name":"wp","href":"https:\/\/api.w.org\/{rel}","templated":true}]}}